at are the prime factors of 168?
2, 3, 7
What are the prime factors of 5100?
2, 3, 5, 17
What are the prime factors of 35501?
131, 271
What are the prime factors of 2359?
7, 337
What are the prime factors of 5471?
5471
What are the prime factors of 2642?
2, 1321
List the prime factors of 323.
17, 19
List the prime factors of 6379.
6379
List the prime factors of 335.
5, 67
What are the prime factors of 7521?
3, 23, 109
What are the prime factors of 604?
2, 151
List the prime factors of 68129.
193, 353
What are the prime factors of 1722?
2, 3, 7, 41
List the prime factors of 939.
3, 313
List the prime factors of 53411.
53411
List the prime factors of 6460.
2, 5, 17, 19
What are the prime factors of 8449?
7, 17, 71
List the prime factors of 1503.
3, 167
List the prime factors of 1316.
2, 7, 47
List the prime factors of 1291.
1291
What are the prime factors of 26394?
2, 3, 53, 83
List the prime factors of 2155.
5, 431
What are the prime factors of 1704?
2, 3, 71
What are the prime factors of 1323?
3, 7
What are the prime factors of 2640?
2, 3, 5, 11
What are the prime factors of 2274?
2, 3, 379
What are the prime factors of 1996?
2, 499
List the prime factors of 974.
2, 487
What are the prime factors of 126826?
2, 7, 9059
What are the prime factors of 36990?
2, 3, 5, 137
What are the prime factors of 1839?
3, 613
List the prime factors of 218.
2, 109
What are the prime factors of 56955?
3, 5, 3797
What are the prime factors of 19383?
3, 7, 13, 71
What are the prime factors of 57825?
3, 5, 257
List the prime factors of 1571.
1571
List the prime factors of 5742.
2, 3, 11, 29
List the prime factors of 8592.
2, 3, 179
List the prime factors of 3450.
2, 3, 5, 23
What are the prime factors of 3022?
2, 1511
What are the prime factors of 1013?
1013
List the prime factors of 2998.
2, 1499
List the prime factors of 79452.
2, 3, 2207
List the prime factors of 78.
2, 3, 13
What are the prime factors of 271?
271
What are the prime factors of 46546?
2, 17, 37
List the prime factors of 9301.
71, 131
List the prime factors of 126270.
2, 3, 5, 23, 61
List the prime factors of 10492.
2, 43, 61
What are the prime factors of 2299?
11, 19
What are the prime factors of 5074?
2, 43, 59
List the prime factors of 4216.
2, 17, 31
List the prime factors of 1833.
3, 13, 47
What are the prime factors of 37872?
2, 3, 263
List the prime factors of 5984.
2, 11, 17
What are the prime factors of 6892?
2, 1723
List the prime factors of 13041.
3, 7, 23
What are the prime factors of 2086?
2, 7, 149
What are the prime factors of 10292?
2, 31, 83
List the prime factors of 7759.
7759
List the prime factors of 22291.
22291
List the prime factors of 4328.
2, 541
What are the prime factors of 8087?
8087
List the prime factors of 5973.
3, 11, 181
List the prime factors of 8457.
3, 2819
What are the prime factors of 9347?
13, 719
List the prime factors of 2305.
5, 461
What are the prime factors of 694?
2, 347
What are the prime factors of 2425?
5, 97
What are the prime factors of 38017?
7, 5431
What are the prime factors of 7240?
2, 5, 181
List the prime factors of 12293.
19, 647
What are the prime factors of 64730?
2, 5, 6473
What are the prime factors of 3669?
3, 1223
List the prime factors of 13708.
2, 23, 149
What are the prime factors of 29936?
2, 1871
What are the prime factors of 9773?
29, 337
List the prime factors of 57404.
2, 113, 127
List the prime factors of 633.
3, 211
What are the prime factors of 1393?
7, 199
List the prime factors of 1891.
31, 61
What are the prime factors of 49147?
7, 17, 59
List the prime factors of 23700.
2, 3, 5, 79
List the prime factors of 452.
2, 113
What are the prime factors of 4364?
2, 1091
List the prime factors of 736.
2, 23
What are the prime factors of 1147?
31, 37
List the prime factors of 74674.
2, 37337
What are the prime factors of 18973?
18973
List the prime factors of 49569.
3, 13, 31, 41
What are the prime factors of 89?
89
List the prime factors of 10529.
10529
List the prime factors of 394.
2, 197
What are the prime factors of 27835?
5, 19, 293
What are the prime factors of 4759?
4759
What are the prime factors of 2910?
2, 3, 5, 97
What are the prime factors of 61227?
3, 6803
What are the prime factors of 33587?
33587
List the prime factors of 4903.
4903
List the prime factors of 32402.
2, 17, 953
List the prime factors of 831.
3, 277
List the prime factors of 2090.
2, 5, 11, 19
What are the prime factors of 187454?
2, 19, 4933
What are the prime factors of 4630?
2, 5, 463
What are the prime factors of 526?
2, 263
What are the prime factors of 13453?
11, 1223
List the prime factors of 281.
281
List the prime factors of 2576.
2, 7, 23
List the prime factors of 1826.
2, 11, 83
What are the prime factors of 652?
2, 163
List the prime factors of 2224.
2, 139
What are the prime factors of 464?
2, 29
List the prime factors of 87137.
79, 1103
What are the prime factors of 23637?
3, 7879
What are the prime factors of 15337?
7, 313
What are the prime factors of 18227?
11, 1657
What are the prime factors of 17303?
11, 13
List the prime factors of 132.
2, 3, 11
List the prime factors of 600.
2, 3, 5
List the prime factors of 13821.
3, 17, 271
What are the prime factors of 1270?
2, 5, 127
List the prime factors of 11155.
5, 23, 97
List the prime factors of 7563.
3, 2521
What are the prime factors of 13967?
13967
List the prime factors of 1225.
5, 7
List the prime factors of 21625.
5, 173
What are the prime factors of 66860?
2, 5, 3343
List the prime factors of 7369.
7369
What are the prime factors of 73661?
7, 17, 619
List the prime factors of 17451.
3, 7, 277
What are the prime factors of 13139?
7, 1877
List the prime factors of 13059.
3, 1451
List the prime factors of 49352.
2, 31, 199
What are the prime factors of 66402?
2, 3, 7, 17, 31
List the prime factors of 101841.
3, 83, 409
What are the prime factors of 20169?
3, 83
List the prime factors of 26425.
5, 7, 151
List the prime factors of 94777.
94777
What are the prime factors of 127360?
2, 5, 199
List the prime factors of 32777.
73, 449
List the prime factors of 918.
2, 3, 17
What are the prime factors of 2108?
2, 17, 31
What are the prime factors of 6741?
3, 7, 107
List the prime factors of 22757.
7, 3251
What are the prime factors of 20243?
31, 653
What are the prime factors of 1244?
2, 311
What are the prime factors of 82184?
2, 10273
What are the prime factors of 29983?
29983
What are the prime factors of 4187?
53, 79
List the prime factors of 2858.
2, 1429
List the prime factors of 7305.
3, 5, 487
What are the prime factors of 1185?
3, 5, 79
What are the prime factors of 106708?
2, 7, 37, 103
What are the prime factors of 8603?
7, 1229
What are the prime factors of 2905?
5, 7, 83
List the prime factors of 627.
3, 11, 19
List the prime factors of 8914.
2, 4457
What are the prime factors of 164471?
164471
List the prime factors of 42719.
42719
List the prime factors of 51007.
11, 4637
List the prime factors of 1401.
3, 467
What are the prime factors of 2148?
2, 3, 179
What are the prime factors of 108505?
5, 21701
What are the prime factors of 7023?
3, 2341
List the prime factors of 130313.
151, 863
What are the prime factors of 53827?
19, 2833
List the prime factors of 2534.
2, 7, 181
List the prime factors of 33939.
3, 419
List the prime factors of 112230.
2, 3, 5, 29, 43
What are the prime factors of 60255?
3, 5, 13, 103
List the prime factors of 1338.
2, 3, 223
List the prime factors of 731.
17, 43
What are the prime factors of 3921?
3, 1307
List the prime factors of 2611.
7, 373
What are the prime factors of 22949?
53, 433
List the prime factors of 63819.
3, 7, 1013
What are the prime factors of 39270?
2, 3, 5, 7, 11, 17
What are the prime factors of 30068?
2, 7517
What are the prime factors of 19992?
2, 3, 7, 17
List the prime factors of 2672.
2, 167
What are the prime factors of 4199?
13, 17, 19
What are the prime factors of 4583?
4583
List the prime factors of 3131.
31, 101
What are the prime factors of 13932?
2, 3, 43
List the prime factors of 2457.
3, 7, 13
What are the prime factors of 963?
3, 107
List the prime factors of 3903.
3, 1301
What are the prime factors of 1331?
11
List the prime factors of 2308.
2, 577
List the prime factors of 54203.
67, 809
List the prime fact